{"id":283,"date":"2017-03-19T19:57:51","date_gmt":"2017-03-19T19:57:51","guid":{"rendered":"https:\/\/www.elkezeitlos.de\/wordpress\/?page_id=283"},"modified":"2023-01-11T14:16:20","modified_gmt":"2023-01-11T14:16:20","slug":"einfuehrungsseminar-reflexologie","status":"publish","type":"page","link":"https:\/\/www.elkezeitlos.de\/wordpress\/einfuehrungsseminar-reflexologie\/","title":{"rendered":"Einf\u00fchrungsseminar Reflexologie"},"content":{"rendered":"\n<h2>F\u00fc\u00dfe und mehr&#8230;<\/h2>\n\n\n\n<figure class=\"wp-block-image\"><img decoding=\"async\" src=\"https:\/\/www.elkezeitlos.de\/wordpress\/wp-content\/uploads\/2015\/09\/refelexologie-web-1.jpg\" alt=\"Elke Jentschke Reflexologie\"\/><\/figure>\n\n\n\n<p><strong>Zielgruppe: <\/strong>Menschen, die die Ber\u00fchrungskunst erlernen m\u00f6chten (Wie gehe ich mit den F\u00fc\u00dfen um? \/ Halte- und Grifftechniken \/ Was kann ich sp\u00fcren?)<\/p>\n\n\n\n<p><strong>Referentin:<\/strong> Elke Jentschke &#8211; Heilpraktikerin und 1. Vorsitzende des Deutschen Reflexologen Vereins e.V.<\/p>\n\n\n\n<p><strong>Info- Abend zum Seminar<\/strong>: 17.3.2023  (10 Euro, die bei Anmeldung verrechnet werden!)<\/p>\n\n\n\n<p><strong>Termin<\/strong>: Am Sonntag,den 19.3. 2023<\/p>\n\n\n\n<p><strong>Uhrzeit:<\/strong> 11 &#8211; 17 Uhr<\/p>\n\n\n\n<p><strong>Kosten:<\/strong> 90 Euro bei Doppelanmeldung 165 Euro<\/p>\n\n\n\n<p><strong>Ort:<\/strong> <strong>AQUARIANA<\/strong>, Am Tempelhofer Berg 7d, 10965 Berlin -Kreuzberg<\/p>\n\n\n\n<p><strong>Anmeldung \/ Information:<\/strong> Elke Jentschke Telefon: 030 91 565 107 oder 015 208 209 830 <\/p>\n","protected":false},"excerpt":{"rendered":"<p>F\u00fc\u00dfe und mehr&#8230; Zielgruppe: Menschen, die die Ber\u00fchrungskunst erlernen m\u00f6chten (Wie gehe ich mit den F\u00fc\u00dfen um? \/ Halte- und Grifftechniken \/ Was kann ich sp\u00fcren?) Referentin: Elke Jentschke &#8211; Heilpraktikerin und 1. Vorsitzende des Deutschen Reflexologen Vereins e.V. Info- Abend zum Seminar: 17.3.2023 (10 Euro, die bei Anmeldung verrechnet werden!) Termin: Am Sonntag,den 19.3. [&hellip;]<\/p>\n","protected":false},"author":2,"featured_media":0,"parent":0,"menu_order":0,"comment_status":"closed","ping_status":"closed","template":"template-fullwidth.php","meta":[],"_links":{"self":[{"href":"https:\/\/www.elkezeitlos.de\/wordpress\/wp-json\/wp\/v2\/pages\/283"}],"collection":[{"href":"https:\/\/www.elkezeitlos.de\/wordpress\/wp-json\/wp\/v2\/pages"}],"about":[{"href":"https:\/\/www.elkezeitlos.de\/wordpress\/wp-json\/wp\/v2\/types\/page"}],"author":[{"embeddable":true,"href":"https:\/\/www.elkezeitlos.de\/wordpress\/wp-json\/wp\/v2\/users\/2"}],"replies":[{"embeddable":true,"href":"https:\/\/www.elkezeitlos.de\/wordpress\/wp-json\/wp\/v2\/comments?post=283"}],"version-history":[{"count":22,"href":"https:\/\/www.elkezeitlos.de\/wordpress\/wp-json\/wp\/v2\/pages\/283\/revisions"}],"predecessor-version":[{"id":640,"href":"https:\/\/www.elkezeitlos.de\/wordpress\/wp-json\/wp\/v2\/pages\/283\/revisions\/640"}],"wp:attachment":[{"href":"https:\/\/www.elkezeitlos.de\/wordpress\/wp-json\/wp\/v2\/media?parent=283"}],"curies":[{"name":"wp","href":"https:\/\/api.w.org\/{rel}","templated":true}]}}