{"id":92,"date":"2015-10-04T20:43:08","date_gmt":"2015-10-04T20:43:08","guid":{"rendered":"https:\/\/www.elkezeitlos.de\/wordpress\/?page_id=92"},"modified":"2023-01-20T11:23:22","modified_gmt":"2023-01-20T11:23:22","slug":"kursgebuhren","status":"publish","type":"page","link":"https:\/\/www.elkezeitlos.de\/wordpress\/kursgebuhren\/","title":{"rendered":"Kosten"},"content":{"rendered":"\n<p>Die erste Probestunde ist kostenfrei!<br><strong>18 Euro f\u00fcr Einzelbuchungen<\/strong> (90 min)<br><strong>150 Euro f\u00fcr eine 10-Karte<\/strong> ( 10 \u00dcbungseinheiten \u00e0 90 min), diese ist ein halbes Jahr ab der ersten \u00dcbungseinheit g\u00fcltig.<\/p>\n\n\n\n<p>Wer eine neue Person mitbringt, die an einem Kurs teilnimmt, reduziert einmalig seinen Teilnehmerbetrag um 10%.<\/p>\n\n\n\n<figure class=\"wp-block-image\"><img decoding=\"async\" loading=\"lazy\" width=\"300\" height=\"185\" src=\"https:\/\/www.elkezeitlos.de\/wordpress\/wp-content\/uploads\/2015\/10\/einsteigerpaket-300x185.jpg\" alt=\"elke jentschke einsteigerpaket\" class=\"wp-image-96\"\/><\/figure>\n\n\n\n<p>Im Januar 2023 habe ich meine Preise angepasst&#8230; da alle Kosten gestiegen sind.<span style=\"color: #730021;\"><strong><br><\/strong><\/span><\/p>\n","protected":false},"excerpt":{"rendered":"<p>Die erste Probestunde ist kostenfrei!18 Euro f\u00fcr Einzelbuchungen (90 min)150 Euro f\u00fcr eine 10-Karte ( 10 \u00dcbungseinheiten \u00e0 90 min), diese ist ein halbes Jahr ab der ersten \u00dcbungseinheit g\u00fcltig. Wer eine neue Person mitbringt, die an einem Kurs teilnimmt, reduziert einmalig seinen Teilnehmerbetrag um 10%. Im Januar 2023 habe ich meine Preise angepasst&#8230; da [&hellip;]<\/p>\n","protected":false},"author":2,"featured_media":0,"parent":0,"menu_order":0,"comment_status":"closed","ping_status":"closed","template":"template-fullwidth.php","meta":[],"_links":{"self":[{"href":"https:\/\/www.elkezeitlos.de\/wordpress\/wp-json\/wp\/v2\/pages\/92"}],"collection":[{"href":"https:\/\/www.elkezeitlos.de\/wordpress\/wp-json\/wp\/v2\/pages"}],"about":[{"href":"https:\/\/www.elkezeitlos.de\/wordpress\/wp-json\/wp\/v2\/types\/page"}],"author":[{"embeddable":true,"href":"https:\/\/www.elkezeitlos.de\/wordpress\/wp-json\/wp\/v2\/users\/2"}],"replies":[{"embeddable":true,"href":"https:\/\/www.elkezeitlos.de\/wordpress\/wp-json\/wp\/v2\/comments?post=92"}],"version-history":[{"count":21,"href":"https:\/\/www.elkezeitlos.de\/wordpress\/wp-json\/wp\/v2\/pages\/92\/revisions"}],"predecessor-version":[{"id":647,"href":"https:\/\/www.elkezeitlos.de\/wordpress\/wp-json\/wp\/v2\/pages\/92\/revisions\/647"}],"wp:attachment":[{"href":"https:\/\/www.elkezeitlos.de\/wordpress\/wp-json\/wp\/v2\/media?parent=92"}],"curies":[{"name":"wp","href":"https:\/\/api.w.org\/{rel}","templated":true}]}}